 85?
30
Let w(c) = c**3 + 9*c**2 + 3*c + 42. Let q be w(-9). Suppose 3*s = 5*i + 42, s - q = 2*i - 0*i. What is the remainder when (2/(-6))/((-7)/357) is divided by s?
8
Suppose 4*m + 5*d - 39 = 0, 3*m - 5 - 38 = -d. What is the remainder when 136 is divided by m?
8
Suppose -4*h - 572 = -3*f, 3*f - h - 578 = -3*h. Suppose 0 = -4*s - 2*s - f. What is the remainder when 46 is divided by -4 + 1 - (17 + s)?
10
Let k = -19 - -64. What is the remainder when k is divided by (0 - 20)/(30/((-15)/1))?
5
Suppose 0 = 4*f - 4, -f - 3 = b - 19. Suppose 2*t + 27*u = 22*u + 15, -2*u = 3*t - 39. What is the remainder when b is divided by t?
0
Let r(d) = -28 - 33 - 26 + 131 - d - 33. Let p(n) = -n**3 + 5*n**2 - n + 2. Let h be p(5). Calculate the remainder when 97 is divided by r(h).
13
Suppose 204*z - 410 = 194*z. Suppose -u - 103 = -5*f, 68 = -0*f + 4*f + 4*u. Suppose z = m - f. Calculate the remainder when m is divided by 23.
15
Suppose -95 + 1756 = 11*z. Calculate the remainder when 308 is divided by z.
6
Suppose 0*k = -44*k + 176. Suppose k*m + 7*u = 10*u + 351, -5*m + 2*u = -444. Calculate the remainder when m is divided by 34.
22
Suppose 1231*d + 5*a + 705 = 1232*d, 4*d + 2*a - 3018 = 0. Calculate the remainder when d is divided by 58.
54
Let m(y) = -2*y**2 + 26*y - 11*y + 9 - 3*y. What is the remainder when 24 is divided by m(6)?
6
Suppose 0 = 5*n - 0*n + 20, -3*h - n = -2. Suppose 2*b - 3*p - 1 = 0, -h*b + 5*p + 4 = 9. What is the remainder when 43 is divided by b?
3
Let k = 20657 - 20604. What is the remainder when 167 is divided by k?
8
Let t = -5 + 9. Suppose -74*s = 195*s - 60525. What is the remainder when s is divided by t?
1
Calculate the remainder when 253 is divided by 2/(-8) - 56/2*(-2108)/1088.
37
Calculate the remainder when 2308 is divided by (47 - 12) + -16 - -15.
30
Let v = 17709 - 17377. What is the remainder when v is divided by 117?
98
Suppose 3*x - 23 = 172. Let y = x - 27. Calculate the remainder when y is divided by 10.
8
Let v = -5476 - -5779. Calculate the remainder when v is divided by 29.
13
Let q = -299 - -412. Suppose 108*z - q*z = -440. Let h(j) = 2*j**2 - j - 5. Calculate the remainder when z is divided by h(4).
19
Let w = 5152 - 4958. What is the remainder when 264 is divided by w?
70
Let p = 2 - -2. Let x(q) = -q**3 - 41*q**2 - 21*q - 2644. Calculate the remainder when p is divided by x(-42).
0
Let y = -13999 + 14037. Calculate the remainder when 255 is divided by y.
27
Suppose -288 = 4*o - 20*o. Suppose -1108 = -34*d - 258. What is the remainder when d is divided by o?
7
Let f = 67 + -67. Suppose f = -2*x - 2*x + 180. Suppose 0 = a + 2*p - 2 - 1, 3*p = 4*a - x. Calculate the remainder when 15 is divided by a.
6
Suppose -90 = 4*b + 22. Let t = 1681 + -1667. What is the remainder when (-318)/(-14) + (-8)/b is divided by t?
9
Let z(b) = -2*b**2 - 17*b - 129. Let l be z(-19). Let n = 567 + l. What is the remainder when 153 is divided by n?
36
Let k(y) = -3*y**2 + 101*y - 32. Calculate the remainder when k(32) is divided by 50.
28
Let r be (-25 - -37)*(-2)/4. Let y(s) = -s**2 - 12*s + 8. Let o be y(r). Suppose o = i + 3*i. What is the remainder when i is divided by 3?
2
Let t(n) = -n**3 - 8*n**2 + 31*n + 8. Let w be t(-11). Suppose -x + w = 7. What is the remainder when 31 is divided by x?
8
Suppose 657 = b + 2*u, 10*b + 5*u - 3260 = 5*b. What is the remainder when b is divided by 25?
22
Let v be (((-16)/40)/1)/((-3)/(-390)). What is the remainder when (-15)/(v/20 + 2) is divided by 24?
1
Let u(c) = c + 11. Let g be u(-7). Suppose -g*r - r + 155 = 0. Let b = -4654 - -4744. What is the remainder when b is divided by r?
28
Let c = -555 - -561. Let n = 26 + 12. What is the remainder when n is divided by c?
2
Suppose -63*n = -66*n + 54. Suppose n = 3*j + m - 5, m - 29 = -4*j. Calculate the remainder when 10 is divided by j.
4
Let n(g) be the first derivative of 23*g**2/2 - 106*g - 40. What is the remainder when n(6) is divided by 2?
0
Suppose 0*p = -5*p + 2*d + 81, 2*p + 4*d = 42. Suppose 11*f = 130 - 9. Calculate the remainder when p is divided by f.
6
Let o(a) = 35*a - 39. Suppose 5*n = 11*n + 2*n - 424. What is the remainder when o(6) is divided by n?
12
Suppose -4*i - 82 + 70 = 0. What is the remainder when (-4)/i + (11595/45 - -12) is divided by 70?
61
Suppose 64*r - 69*r - 5*x = -52535, 21 = 3*x. Calculate the remainder when r is divided by 26.
22
Suppose 160*w = 107*w + 33019. What is the remainder when w is divided by 6?
5
Let k(u) = u - 1. Let b be k(3). Let o(y) = 6 + y**3 + 0*y**3 + 5*y - 16 + 0*y - 10*y**b. Calculate the remainder when o(10) is divided by 11.
7
Suppose -145*k + 79386 + 21078 = 223*k. Calculate the remainder when k is divided by -1*(1 + -1 + -46).
43
Let k = 269 + -510. Let y = k - -266. Calculate the remainder when 81 is divided by y.
6
Suppose 10*d - 5*d = 2*h + 298, d - h = 62. Calculate the remainder when d is divided by (8/2)/((-16)/(-60)).
13
Suppose 419*l = 370*l + 477 + 2708. What is the remainder when 115 is divided by l?
50
Let y(c) = c**2 - 2*c - 27. Suppose 9 = 4*s - 23. What is the remainder when y(s) is divided by 3?
0
Let s = -439 + 928. Suppose s = 7*z - 148. Suppose 0 - 10 = -5*q, 4*q = 3*b - z. What is the remainder when 130 is divided by b?
31
Let l(a) = -2*a**3 - 16*a**2 - 5*a - 5. What is the remainder when l(-8) is divided by (3 - -4*4)/1?
16
Suppose -5*r - 2*o = -20, -4 + 0 = -r + 4*o. Suppose -r*x - x = 5*n - 95, 0 = -n + 3*x + 11. What is the remainder when 168 is divided by n?
15
Let m = -161 + 192. Suppose 2*b + 92 = 2*g - 2*b, g + b = m. What is the remainder when g is divided by 15?
6
Let x = 310 - 281. Suppose -x*m + 313 + 441 = 0. What is the remainder when 90 is divided by m?
12
Calculate the remainder when 161 is divided by (81 - (9 - 5)) + 2 + 3 + -4.
5
Let f = -223 + 228. Suppose f*l - 404 = -59. Calculate the remainder when 275 is divided by l.
68
Suppose -47*p = 1231 - 10443. Let i(q) = -q**3 + 5*q**2 - 2*q - 3. What is the remainder when p is divided by i(3)?
7
Let t = -5299 - -5807. Calculate the remainder when t is divided by 34.
32
Suppose -44 = -5*w + 31. Let y be (-3 - (-152 - 3))*(-6)/(-4). Suppose 6*i + 4*o = i + y, -i + 2*o + 40 = 0. What is the remainder when i is divided by w?
14
Let t(s) = 2*s**2 - 31*s + 19. Let x be t(15). Suppose 2*k + 34 + 19 = 3*c, -x*c + k + 79 = 0. What is the remainder when c is divided by 14?
7
Suppose -891 - 3015 = -9*y. What is the remainder when y is divided by 61?
7
Calculate the remainder when 514 is divided by (-1 + 18)/(-123 - -124).
4
Suppose 2*l = 2*v - 20, 2*l - 6 = 4. Calculate the remainder when 36 is divided by v.
6
Suppose -16*g = -20*g - 16, -f = -3*g - 25. Suppose 0*o = -5*o + 180. What is the remainder when o is divided by f?
10
Let k(g) = -8*g**2 - 9*g - 15*g - 3*g**2 + 19*g**2 - 94. Calculate the remainder when k(-5) is divided by 61.
43
Let a(p) = -9*p - 89. Let l(r) = 8*r + 86. Let d(s) = 4*a(s) + 5*l(s). What is the remainder when d(4) is divided by 14?
6
Let b = 951 - 938. Suppose 5*i - 18*u + b*u = 1090, -4*i + u = -887. Calculate the remainder when i is divided by 45.
43
Let u = -9501 + 9718. Calculate the remainder when 319 is divided by u.
102
Let z(k) = -k**2 - 84*k - 1397. Calculate the remainder when z(-59) is divided by 8.
6
Let q(a) be the second derivative of -a**5/20 + 7*a**4/12 + 7*a**3/6 - 3*a - 6. What is the remainder when q(7) is divided by 12?
1
Let o be -1*12/(-3 + 0). Suppose -2*p = 6, r - 115 = o*p - p. What is the remainder when r is divided by 1575/135 - 1/(-3)?
10
Suppose -69*i = -24*i - 22275. What is the remainder when i is divided by 10?
5
Let p(o) = 85*o**2 + 75*o - 3. Let c = -5 - -8. Suppose 4*k + 3*d - 45 = k, -c*d = -9. Calculate the remainder when k is divided by p(-1).
5
Suppose 0 = -117*r + 14*r + 117626. What is the remainder when r is divided by 228?
2
Let g(l) be the first derivative of -l**4/4 - 7*l**3/3 - 2*l**2 + 15*l + 2. Let r be g(-5). Calculate the remainder when 157 is divided by 9 - r - 8/2.
17
Suppose 4 = -2*o - 152. Let s = o - -119. Let d = -190 + 199. What is the remainder when s is divided by d?
5
Suppose 516 + 357 = 9*i. Let j = i + -44. What is the remainder when j is divided by 2?
1
Suppose -32*b + 6189 = 5916 - 11887. What is the remainder when b 